mine w(j).
-8
Let w(j) = -j**3 + 16*j**2 - 11*j + 18. Let f(b) = -4*b**2 - 13*b + 6. Let g be f(-2). Calculate w(g).
-158
Let k be (-4)/(-18) + (-60)/27. Let u(q) = 2*q + 3. Let d be u(k). Let h(j) = 88*j**3 - 46*j**3 + j**2 - 1 + j - 46*j**3 - j. Give h(d).
4
Let j(k) = 9*k + 19. Let i(s) = 5*s + 9. Let q(n) = -7*i(n) + 4*j(n). Let l be q(-8). Let f(z) = -4*z + 3*z + 8 - 9 - 3*z. Calculate f(l).
-21
Let m be ((-24)/108)/(4/(-2) - 6/(-9)). Let z(w) be the third derivative of 0*w - 1/60*w**5 - 1/3*w**4 + 22*w**2 - m*w**3 + 0. Determine z(-7).
6
Let j(s) = -17*s**3 - 3*s**2 - 25*s - 7. Let o(d) = -14*d**3 - d**2 - 23*d - 6. Let i(u) = -5*j(u) + 6*o(u). Determine i(-10).
29
Let f(h) = h**2 + 11*h + 11. Let s be ((-3)/(-1))/((-120)/(-80)). Suppose x + 5 = -4*l - 26, 34 = -4*l + s*x. What is f(l)?
-13
Let w(t) = t**2 - t - 3. Suppose 43*q + z - 21 = 38*q, -z + 17 = 4*q. Give w(q).
9
Let p be 1*((-45)/9 + 7). Suppose 4*j - 2*j - 6 = 0. Let b(v) = 3 + 18*v**2 - v**j - 8*v**p + 6*v - 12*v**2. Give b(-4).
11
Let x = -64 + 69. Let l be 2/10 + 144/180. Let n(y) = -y**2 + 5*y**2 + 1 + l + 6*y - 5*y**2. Calculate n(x).
7
Suppose 7*y = 4*y. Let r(m) = -3*m - 2 + y*m - m**3 + 2*m. Let n(v) = v**2 - 51*v + 410. Let l be n(10). Calculate r(l).
-2
Let h(w) = 33038*w - 1 - 33037*w - 6. Calculate h(-8).
-15
Let y = -43 + 45. Let h be (y/6)/(2/24). Let d(k) = -k**3 + 3*k**2 + 7*k - 9. Give d(h).
3
Let i(k) = -7*k + 26. Let g(a) = 2. Let f(u) = 3*g(u) + i(u). Let m(r) = -3*r + 15. Let v(s) = -6*f(s) + 13*m(s). What is v(-4)?
-9
Let a(g) = -g**2 + 13*g - 36. Suppose -275 = -38*s - 47. Give a(s).
6
Let h(i) = -2*i**2 + 50 + 0*i**2 + 17*i + 3*i**2 + 3 + 11. Determine h(-10).
-6
Let c(p) = -p**2 - 8*p + 4. Suppose 1081*j = v + 1080*j + 12, j + 33 = -4*v. Determine c(v).
-5
Let r(s) = -s**2 + 12*s - 3. Let c be r(8). Suppose -31 = 10*l + c. Let d(m) = -m**2 - 7*m + 1. What is d(l)?
7
Let k(i) = -13*i**2 - 12*i + 11. Let o(b) be the third derivative of 7*b**5/60 + b**4/4 - b**3 + 153*b**2. Let a(l) = -6*k(l) - 11*o(l). Give a(-5).
-5
Let d(f) = -35*f + 3. Let r(s) = 10*s - 1. Let o(u) = 5*d(u) + 14*r(u). Give o(1).
-34
Let u(h) = 4*h**3 - 33*h**2 + 27*h - 7. Let n(s) = -s**3 + 10*s**2 - 8*s + 2. Let o(p) = -7*n(p) - 2*u(p). Give o(-4).
-8
Let u(l) = -l**2 - 3*l - 2. Suppose -3996 = 16*n - 14188. Let g = -644 + n. What is u(g)?
-30
Let z = 1793 + -1799. Let a(g) = -g**2 - 5*g + 24. What is a(z)?
18
Let s(k) = 2*k**2 - 20*k + 16. Suppose -13*v - 1684 + 1814 = 0. Give s(v).
16
Let r(t) = -t**2 + 4*t + 6. Let f(g) be the second derivative of -g**5/20 + g**4/4 + 16*g**3/3 - 11*g**2 - 126*g - 2. Let l be f(7). Give r(l).
-6
Let y be ((-4)/6)/((-6)/(-9)). Let w(h) be the third derivative of 5*h**4/12 + 2*h**2 - 1021*h. Give w(y).
-10
Let a(b) = 0*b - 8*b - 2*b**2 - 550 + 254 - b + 278. Give a(-4).
-14
Let z(d) be the third derivative of -d**6/120 + 3*d**5/20 - 5*d**4/12 + 9*d**3/2 - 5*d**2 + 74*d. Determine z(8).
11
Let x(g) = -3*g**2 - 2*g - 8. Let s(t) = 3*t**2 - 7*t + 9. Let q(m) = -3*s(m) - 2*x(m). Calculate q(8).
-3
Let a = 11 + -29. Let j(x) be the third derivative of x**6/60 + 7*x**5/12 - 17*x**4/24 + 7*x**3/3 + 16*x**2. Let f be j(a). Let l(g) = -g. What is l(f)?
4
Suppose -28 = -5*t + 2, 5*s - 3*t + 48 = 0. Let a(l) = -l**3 - 6*l**2 - 2*l + 2. Determine a(s).
14
Let n(w) = 132 - 341 - w**2 - 7*w**2 + 103 + 104. Calculate n(2).
-34
Let m(i) = 8*i. Let l(t) = -t**2 - 6*t - 4. Let u be ((-6)/(-4))/((-9)/12). Let s be l(u). Suppose -2 = s*a - 6. Determine m(a).
8
Suppose -338*b = -339*b + 2. Let a(x) = -4*x**2 - 5*x + 2 + 0*x**b + 0 + 3*x**2. Calculate a(-6).
-4
Suppose 3*u - 280 = 59*u. Let c(j) = j**3 + 2*j**2 - 14*j + 12. Let l be c(u). Let a(w) = -w**3 + 7*w**2 - 3*w - 2. What is a(l)?
-23
Suppose -32 = -65*s + 69*s. Let l be (-2)/s - 3536/64. Let k = l - -53. Let a(x) = -x**2 - x - 2. Give a(k).
-4
Let i(w) = -2*w**3 + 19*w**2 - 8*w - 22. Let n = -7743 + 7752. Determine i(n).
-13
Let k(l) = l**3 - 24*l**2 - 51*l - 13. Suppose 0 = 473*j + 237*j - 18460. What is k(j)?
13
Let a(z) = z**2 - 10*z + 24. Let t be a(4). Let y(h) = -h**3 + h**2 + 4*h - 1. Determine y(t).
-1
Let g(v) be the first derivative of v**3/3 - 4*v**2 + 3*v - 3. Suppose 4*u - 66 = -362. Let k = u + 79. Calculate g(k).
-12
Let i(p) = p**3 + 274*p - 108*p - 11*p**2 - 105*p - 76*p + 30. Give i(12).
-6
Suppose 4*c = -z, 5*z + 15 = -5. Let q(j) = c + 2*j - j**2 - 4 - 5*j. Let r(i) = 2*i**3 + 41*i**2 - 18*i + 59. Let u be r(-21). Calculate q(u).
-7
Let q(r) = 19*r**2 + 11*r + 54. Suppose -2*v = v + 4*t - 20, 2*v - 2*t = 4. Let o(f) = 7*f**2 + 4*f + 18. Let l(i) = v*q(i) - 11*o(i). Determine l(0).
18
Let l(z) = -3*z**3 + 8*z**2 + z + 2. Let y = -301 + 296. Let v(x) = 4*x**3 - 9*x**2 - 2. Let a(t) = y*l(t) - 4*v(t). Give a(-4).
18
Let w(m) = -m**3 + m**2 - m - 3. Let a be w(0). Suppose 0 = -218*p + 220*p - 103122. Let x(y) = p*y + 4*y**2 + 0 + y**3 - 51560*y + 1. What is x(a)?
7
Suppose 20*t = 28*t - 24. Let o(u) = -u**t + 16 + 10*u**2 + 7*u + 12*u - 27*u + 18*u. Determine o(11).
5
Let i(c) be the first derivative of 0*c**2 + 1/30*c**5 + 1/24*c**4 + 0*c + 17/3*c**3 - 28 + 1/360*c**6. Let r(y) be the third derivative of i(y). What is r(-2)?
-3
Let b(r) be the second derivative of r**4/12 + 5*r**3/2 + 57*r**2/2 - 4741*r. Calculate b(-8).
1
Let j = 5691 + -5687. Let t(i) = 8*i**2 - 9*i + 5. Give t(j).
97
Let y(n) = -n + 1. Let g(q) = -1. Let a(m) = -3*g(m) - 2*y(m). Let w(s) = 20*s + 10. Let b(k) = 18*a(k) - 2*w(k). What is b(-3)?
10
Let m = -1541 + 1532. Let z(a) = -a + 11. Let y(l) = l. Let p = 9 - 10. Let j(v) = p*z(v) - 3*y(v). Determine j(m).
7
Let j(a) = -1. Let h(z) = 0 - 9*z - 5 + 1 - 1. Let c(g) = -h(g) + 5*j(g). Suppose 0*x + 2*x = 4. Determine c(x).
18
Let a(y) = -14*y + 44*y**3 + 3 - 15*y**2 + 41*y**3 - 153*y**3 + 69*y**3. Calculate a(16).
35
Let q(r) = 10*r**3 - 22*r**2 + 19*r + 1. Let n = 18 + 34. Let z = -45 + n. Let c(f) = 7*f**3 - 15*f**2 + 13*f + 1. Let j(g) = z*c(g) - 5*q(g). Determine j(2).
6
Let k(a) be the first derivative of -2*a**3/3 + 4*a**2 + 5*a - 1589. Determine k(4).
5
Let t(w) = -2*w**2 - 27*w + 406. Let v be t(9). Let k(g) = 38*g - 3. Give k(v).
35
Let a(g) be the second derivative of -g**3/3 - g**2 + g. Let v be a(-3). Let d(c) be the third derivative of c**4/8 - 2*c**3/3 - 115*c**2 - 2*c. Give d(v).
8
Let c(d) be the third derivative of d**5/60 + 7*d**4/24 + d**3/2 - 632*d**2. Give c(-6).
-3
Let y(g) = g**2 + 9. Let b(n) = n**2 + 5. Let a(q) = -7*q - 51. Let k be a(-8). Let j(m) = k*b(m) - 3*y(m). What is j(-3)?
16
Let w(l) = 3*l**2 - 237*l + 1514. Let x be w(72). Let b(p) = 9*p**3 - p**2 + 4*p. Calculate b(x).
76
Let f be (119 + -1)/2 - (-21)/7. Let l = f - 58. Let z(j) = -j**2 - j + 3. Calculate z(l).
-17
Let q(x) = 2*x + 14. Let p(v) = -276*v - 2208. Let w be p(-8). Calculate q(w).
14
Suppose -19 + 91 = -36*n. Let t be (4 + 0)/(-3 - n). Let d(w) = w**2 + 6*w - 1. Determine d(t).
-9
Let z(d) = 7*d - 7 + 5*d + 3*d - 9*d. Give z(3).
11
Let i(u) be the third derivative of -u**5/15 + u**3/6 - 31*u**2 - 10*u. Let n(r) = r**2 - 2*r - 2. Suppose -3*m = -5*m + 6. Let k be n(m). Give i(k).
-3
Let r(m) be the second derivative of -1/72*m**6 + 3*m - 7/3*m**3 + 0 - 1/60*m**5 + 1/24*m**4 + 0*m**2. Let n(f) be the second derivative of r(f). What is n(1)?
-6
Suppose 0 = -4*u - 12, 1958*x + 2*u - 29 = 1963*x. Let g(w) = 4*w + 24. Calculate g(x).
-4
Let n = -10 + 2. Let b(a) = -162 + a**2 - 177 + 11*a + 355. What is b(n)?
-8
Let z be ((-136)/28 + 5)/(64/896). Let u(i) = -12*i - 20. Determine u(z).
-44
Let a(x) = 76694*x**2 - 18*x - 76695*x**2 + 16 + 20*x. What is a(-5)?
-19
Let r(m) = -105*m - 40. Let a(u) = 37*u + 14. Let k(z) = -17*a(z) - 6*r(z). Suppose -3*i - 5 = 5*c, -4 = -4*i - 2*c - 6. Calculate k(i).
2
Let g(c) = -25*c**3 + 36*c**2 + 23*c + 75. Let a(n) = -9*n**3 + 12*n**2 + 6*n + 25. Let d(p) = 11*a(p) - 4*g(p). Give d(14).
3
Let m(q) = 3*q**3 - 20*q**2 + 6*q - 22. Let t(k) = 4*k**3 - 28*k**2 + 7*k - 22. Let a(y) = 3*m(y) - 2*t(y). Give a(4).
-6
Let j(s) be the second derivative of s**5/120 - 7*s**4/24 - 59*s**3/6 - s**2 - 75*s. Let b(k) be the second derivative of j(k). What is b(6)?
-1
Let r(h) be the second derivative of 19/2*h**2 - 5/2*h**3 + 10 + 1/12*h**4 - h. Give r(14).
5
Le